3?
1
What is the thousands digit of 9659?
9
What is the hundreds digit of 1461?
4
What is the hundreds digit of 2319?
3
What is the ten thousands digit of 10780?
1
What is the hundreds digit of 3477?
4
What is the thousands digit of 5493?
5
What is the tens digit of 13773?
7
What is the units digit of 2524?
4
What is the tens digit of 2297?
9
What is the thousands digit of 58023?
8
What is the hundreds digit of 158316?
3
What is the tens digit of 220?
2
What is the tens digit of 6263?
6
What is the tens digit of 4195?
9
What is the units digit of 6469?
9
What is the units digit of 276?
6
What is the hundreds digit of 1309?
3
What is the ten thousands digit of 10481?
1
What is the tens digit of 4766?
6
What is the tens digit of 5178?
7
What is the thousands digit of 3410?
3
What is the tens digit of 17204?
0
What is the hundreds digit of 629?
6
What is the units digit of 4235?
5
What is the tens digit of 728?
2
What is the tens digit of 2708?
0
What is the thousands digit of 1210?
1
What is the tens digit of 24939?
3
What is the units digit of 6507?
7
What is the hundreds digit of 1044?
0
What is the tens digit of 10564?
6
What is the hundreds digit of 3549?
5
What is the hundreds digit of 4143?
1
What is the tens digit of 2341?
4
What is the ten thousands digit of 12957?
1
What is the units digit of 258?
8
What is the tens digit of 8986?
8
What is the tens digit of 1309?
0
What is the units digit of 40113?
3
What is the hundreds digit of 578?
5
What is the hundreds digit of 355?
3
What is the units digit of 526?
6
What is the ten thousands digit of 10401?
1
What is the thousands digit of 1849?
1
What is the units digit of 85334?
4
What is the ten thousands digit of 26272?
2
What is the ten thousands digit of 12544?
1
What is the thousands digit of 21405?
1
What is the tens digit of 795?
9
What is the hundreds digit of 36785?
7
What is the hundreds digit of 8478?
4
What is the tens digit of 9540?
4
What is the hundreds digit of 14768?
7
What is the units digit of 49160?
0
What is the tens digit of 473?
7
What is the ten thousands digit of 137728?
3
What is the hundreds digit of 17523?
5
What is the hundreds digit of 4970?
9
What is the tens digit of 139309?
0
What is the hundreds digit of 1181?
1
What is the thousands digit of 2401?
2
What is the tens digit of 8305?
0
What is the units digit of 10001?
1
What is the tens digit of 3963?
6
What is the units digit of 2942?
2
What is the units digit of 50182?
2
What is the tens digit of 36154?
5
What is the units digit of 2028?
8
What is the hundreds digit of 51977?
9
What is the thousands digit of 26451?
6
What is the units digit of 657?
7
What is the tens digit of 2668?
6
What is the thousands digit of 1479?
1
What is the thousands digit of 3355?
3
What is the ten thousands digit of 56076?
5
What is the hundreds digit of 438?
4
What is the hundreds digit of 539?
5
What is the thousands digit of 140847?
0
What is the units digit of 1577?
7
What is the units digit of 742?
2
What is the hundred thousands digit of 142318?
1
What is the ten thousands digit of 28105?
2
What is the tens digit of 970?
7
What is the hundreds digit of 8679?
6
What is the hundreds digit of 2787?
7
What is the tens digit of 1467?
6
What is the thousands digit of 42353?
2
What is the units digit of 3604?
4
What is the hundreds digit of 12693?
6
What is the hundreds digit of 1163?
1
What is the units digit of 2328?
8
What is the units digit of 1910?
0
What is the units digit of 772?
2
What is the tens digit of 422?
2
What is the tens digit of 5530?
3
What is the hundreds digit of 987?
9
What is the thousands digit of 52950?
2
What is the tens digit of 31511?
1
What is the hundreds digit of 133288?
2
What is the units digit of 586?
6
What is the hundreds digit of 9773?
7
What is the hundreds digit of 7992?
9
What is the tens digit of 867?
6
What is the units digit of 5127?
7
What is the units digit of 4314?
4
What is the thousands digit of 1793?
1
What is the thousands digit of 4318?
4
What is the units digit of 3694?
4
What is the units digit of 3303?
3
What is the units digit of 757?
7
What is the ten thousands digit of 30640?
3
What is the tens digit of 517?
1
What is the ten thousands digit of 45953?
4
What is the units digit of 3332?
2
What is the hundreds digit of 942?
9
What is the tens digit of 15169?
6
What is the units digit of 760?
0
What is the tens digit of 4064?
6
What is the thousands digit of 69101?
9
What is the thousands digit of 3021?
3
What is the thousands digit of 65157?
5
What is the units digit of 4180?
0
What is the units digit of 64863?
3
What is the thousands digit of 22081?
2
What is the tens digit of 6406?
0
What is the ten thousands digit of 51576?
5
What is the tens digit of 8341?
4
What is the thousands digit of 133414?
3
What is the units digit of 531?
1
What is the tens digit of 2203?
0
What is the units digit of 12075?
5
What is the hundreds digit of 16243?
2
What is the thousands digit of 4566?
4
What is the hundreds digit of 5761?
7
What is the units digit of 2395?
5
What is the ten thousands digit of 13811?
1
What is the hundred thousands digit of 114958?
1
What is the tens digit of 2996?
9
What is the hundreds digit of 12955?
9
What is the units digit of 4798?
8
What is the tens digit of 11070?
7
What is the ten thousands digit of 52794?
5
What is the hundreds digit of 944?
9
What is the hundreds digit of 1882?
8
What is the units digit of 45337?
7
What is the thousands digit of 6258?
6
What is the tens digit of 13896?
9
What is the thousands digit of 6630?
6
What is the ten thousands digit of 11474?
1
What is the units digit of 7605?
5
What is the tens digit of 3981?
8
What is the units digit of 103?
3
What is the tens digit of 10289?
8
What is the tens digit of 2435?
3
What is the hundreds digit of 1023?
0
What is the hundreds digit of 3004?
0
What is the units digit of 385?
5
What is the tens digit of 738?
3
What is the thousands digit of 23136?
3
What is the thousands digit of 3473?
3
What is the tens digit of 87269?
6
What is the thousands digit of 38392?
8
What is the thousands digit of 3698?
3
What is the hundred thousands digit of 146619?
1
What is the hundreds digit of 735?
7
What is the hundreds digit of 57539?
5
What is the units digit of 308?
8
What is the hundreds digit of 1702?
7
What is the thousands digit of 198658?
8
What is the units digit of 343?
3
What is the units digit of 308?
8
What is the ten thousands digit of 17355?
1
What is the hundreds digit of 4275?
2
What is the thousands digit of 7923?
7
What is the hundreds digit of 639?
6
What is the tens digit of 78?
7
What is the hundreds digit of 79045?
0
What is the ten thousands digit of 54095?
5
What is the hundreds digit of 5493?
4
What is the hundreds digit of 38399?
3
What is the tens digit of 15701?
0
What is the tens digit of 4960?
6
What is the hundreds digit of 571?
5
What is the ten thousands digit of 14755?
1
What is the hundreds digit of 5126?
1
What is the units digit of 36659?
9
What is the ten thousands digit of 21736?
2
What is the thousands digit of 32902?
2
What is the tens digit of 9443?
4
What is the hundreds digit of 1622?
6
What is the units digit of 37673?
3
What is the tens digit of 4050?
5
What is the tens digit of 94?
9
What is the thousands digit of 1460?
1
What is the units digit of 8391?
1
What is the hundred thousands digit of 129329?
1
What is the units digit of 774?
4
What is the tens digit of 15904?
0
What is the hundreds digit of 970?
9
What is the tens digit of 40819?
1
What is the hundreds digit of 42312?
3
What is the ten thousands digit of 16861?
1
What is the thousands digit of 2237?
2
What is the hundreds digit of 13088?
0
What is the thousands digit of 7368?
7
What is the units digit of 4776?
6
What is the thousands digit of 9477?
9
What is the thousands digit of 5752?
5
What is the units digit of 684?
4
What is the units digit of 1861?
1
What is the ten thousands digit of 16797?
1
What is the units digit of 18774?
4
What is the ten thousands digit of 129984?
2
What is the units digit of 20231?
1
What is the thousands digit of 6210?
6
What is the tens digit of 1080?
8
What is the tens digit of 810?
1
What is the units digit of 79224?
4
What is the tens digit of 328?
2
What i